+ 3 = 3*m, -5*m - 3*x + u*x = -13. What is the greatest common divisor of 5 and m?
5
Let h = 269 - 178. What is the greatest common factor of h and 13?
13
Let f = 92 - 28. Suppose 0 = -2*s + 21 - 5. Calculate the highest common divisor of f and s.
8
Let c(s) be the third derivative of s**5/60 + s**4/12 + 35*s**3/2 + 3*s**2. Let r be c(0). What is the highest common divisor of 15 and r?
15
Let r(s) = s**3 + 7*s**2 - 2*s - 10. Let g be r(-7). Suppose 0*f = -2*f - 6. Let p be (13 + -1)/(f/(-2)). Calculate the highest common factor of p and g.
4
Let q(m) = m**3 + 3*m**2 - 8*m + 1. Let g be q(-4). Suppose -2 = p - 5. Suppose -2*r = p*r - 340. Calculate the greatest common factor of g and r.
17
Let q(i) = -i + 11. Let u be q(5). What is the highest common divisor of 12 and u?
6
Let h(p) = p**2 + 3*p + 209. Let j be h(0). Calculate the greatest common factor of 11 and j.
11
Suppose -22 = 2*v - 26. Calculate the highest common factor of 18 and v.
2
Let n = 4 - 9. Let g be 57/15 + (-1)/n. Let a be (2/g)/(3/84). What is the highest common divisor of a and 2?
2
Suppose 3*u + 107 = 305. What is the highest common divisor of u and 6?
6
Let n(x) = x**3 + 3*x**2 + 2*x + 2. Let g be n(-2). Suppose -2*f + 2*a = -2, -5*a - g = -0*f - 4*f. What is the highest common divisor of 3 and f?
3
Let l(t) = t + 30. Let k be l(-16). Suppose 0 = -5*f + 4*n + 630, 4*f + f - n = 630. What is the highest common divisor of f and k?
14
Let n be 94 + (-4)/4*1. Calculate the greatest common factor of 62 and n.
31
Let m(d) = d**3 - d**2 - 2*d - 1. Let s be m(3). What is the highest common factor of 121 and s?
11
Let h = -10 - -16. Suppose 1 + 3 = 4*b. Let t be (-3 - -4)*(h - b). What is the highest common factor of 55 and t?
5
Suppose 3*q + 5 + 8 = d, -3*d - 2*q - 16 = 0. Let f be d/(-7) + (-445)/(-35). Calculate the greatest common factor of f and 104.
13
Let p be 6/1*(-32)/(-24). Suppose -4 = -0*h - h, 5*w = -h - 141. Let o = 101 + w. What is the greatest common factor of o and p?
8
Let p = -6 - -8. Let c(k) = -2*k**3 + 4*k**2 - 3*k + 2. Let y be c(p). Let u be (2/(-2) + -1)*y. Calculate the highest common factor of 4 and u.
4
Let j be 0/(-1 - 0/(-1)). Suppose j = -4*w + 30 - 2. Let x(b) = b**3 - b**2 + 3. Let q be x(3). What is the highest common divisor of w and q?
7
Let q(d) = -d**3 - 14*d**2 - 2*d - 12. Let p be q(-14). Calculate the greatest common factor of 128 and p.
16
Suppose -33 = -9*k + 507. Calculate the greatest common divisor of 15 and k.
15
Let w be 5 - (-2)/(-4)*6. Suppose w*g = -u + 9, -u + 6*g = 4*g - 9. What is the highest common divisor of 45 and u?
9
Suppose s + 240 = 3*s. Suppose 0 = 3*t - m - 48, -3*t + 0 = 5*m - 30. What is the highest common factor of s and t?
15
Let a(k) = k**3 + k**2 - k - 2. Let u be a(3). Let n = -7 + u. Let z = -65 - -101. Calculate the highest common factor of n and z.
12
Let q be 0 + ((-2)/(-4) - 5/(-10)). Calculate the highest common factor of q and 11.
1
Suppose 4*c + 62 + 98 = 0. Let t = c + 76. Suppose n + t = 4*n. Calculate the highest common factor of 30 and n.
6
Let q be 1/5 + 324/30. Suppose q = 2*g - 17. Calculate the highest common divisor of g and 35.
7
Suppose 34*y - 33*y - 13 = 0. What is the highest common factor of 91 and y?
13
Suppose 0 = 2*h + m - 3*m - 80, 0 = h - 3*m - 46. Let k = -10 + h. Calculate the highest common divisor of 18 and k.
9
Let h = 6 + -3. Suppose w + 4 = x, 3*w + 3 = -0*w. Suppose x*b - 4*b + 43 = 4*k, -4*k + 3*b = -63. What is the greatest common factor of k and h?
3
Let c = -3 + 9. Let a = c + 9. Suppose 56 = t + 11. Calculate the greatest common divisor of a and t.
15
Let c(a) = a**3 + 20*a**2 + 20*a + 34. Let j be c(-19). Calculate the greatest common divisor of j and 135.
15
Let x(d) = 3*d - 5. Let u = -5 + 10. Suppose u*w - 21 = -5*g + g, 0 = -5*g - 5. Let q be x(w). What is the greatest common divisor of 70 and q?
10
Let t(b) = -2*b**3 - b**2 + 2*b - 1. Let i be t(1). Let j be (10/8)/(i/8). Let l be (j - -7) + 1 + 23. What is the highest common factor of 39 and l?
13
Let z be (-30)/9*(-18)/10. Let c be z/(-21) + 492/7. Calculate the greatest common factor of c and 10.
10
Let l = 2 + 16. Calculate the highest common factor of 6 and l.
6
Let a be (2 - (-86)/(-7))/((-2)/14). Let f(t) = t**2 - 7*t + 7. Let r be f(5). Let n = 11 + r. What is the highest common factor of n and a?
8
Suppose 12 = -3*p + 7*p. Suppose -2*k + 9 = -p*g + k, 2*k = 10. Suppose -3*h + 20 = 2*n - 6*h, -4*n + 12 = h. What is the highest common divisor of n and g?
2
Suppose 40 = -5*g + 145. Let q be 6/g - 192/(-14). Calculate the highest common divisor of 98 and q.
14
Suppose x = 32 - 12. What is the greatest common factor of 5 and x?
5
Suppose -21*i + 19*i = -16. Calculate the highest common divisor of 40 and i.
8
Let u = -146 - -211. Suppose 4*b + u = 9*b. What is the highest common factor of 52 and b?
13
Let q be 20/(-8)*(-144)/30. What is the greatest common factor of q and 96?
12
Let v = 1218 - 712. Let j be 2/(-8) + v/8. Calculate the greatest common factor of j and 7.
7
Let x = -10 - -11. Let u be 4/x - (-4 + 7). What is the highest common factor of 1 and u?
1
Let s = -35 + 50. Let v be s - (-1 + 6/3). What is the highest common divisor of v and 70?
14
Let y = 111 + -231. Let v be (14/(-35))/(2/y). Let b be (-3 + 0)*(-56)/v. Calculate the highest common divisor of b and 7.
7
Suppose -11*w = -8*w - 297. Calculate the highest common divisor of 9 and w.
9
Let u(n) = 5*n**2 - 3*n + 6. Let s be u(2). Calculate the greatest common divisor of 20 and s.
20
Let z be 2/5 - 1048/(-5). Calculate the highest common divisor of z and 42.
42
Suppose -o = -2*o - m - 17, -o + 4*m + 3 = 0. Let d = o + 32. What is the highest common factor of d and 133?
19
Suppose 5*c = 4*q + 22, 0*c = 2*c + 5*q - 22. Let j = c + 2. Calculate the highest common factor of j and 64.
8
Let y be 4/(12/(-9)) - -4. Let i = -5 + 12. What is the highest common factor of y and i?
1
Suppose 0 = -3*p + 174 + 162. Calculate the greatest common factor of p and 14.
14
Let z(w) = -w + 25. Let r be z(8). Calculate the greatest common factor of r and 17.
17
Let m(q) = -q**3 + 5*q**2 + 4*q - 2. Let b be m(5). What is the highest common divisor of b and 45?
9
Let j = -9 + 11. Suppose -48 + 19 = -j*u - 5*l, -5*u - 4*l + 64 = 0. What is the greatest common divisor of 18 and u?
6
Suppose -2*w + 11*w - 243 = 0. What is the highest common factor of 3 and w?
3
Suppose 5*v - 5*r + 128 = 1188, -2*r - 842 = -4*v. Calculate the highest common divisor of v and 19.
19
Suppose -4*d + 2 = -14. Suppose -n - 3*a = -2, -4*n - 6 = 5*a - 28. What is the greatest common factor of n and d?
4
Suppose 0*n - 3*n = 6. Let u be (6/12)/(n/(-44)). What is the greatest common factor of 22 and u?
11
Suppose 2*a = -4*g - 8, 10 + 2 = 5*a + 2*g. Suppose -a*w + 19 = -29. What is the highest common factor of w and 30?
6
Let j(f) = f**3 - 8*f**2 + 5*f + 8. Let b = -4 - -12. Let v be j(b). Calculate the highest common factor of v and 12.
12
Let x = 285 - 103. Calculate the highest common factor of 14 and x.
14
Suppose -5*r - 3 + 13 = 0. Suppose 0 = -r*b + 68. Calculate the highest common factor of 51 and b.
17
Suppose -481 = 3*w + 140. Let f = -126 - w. Calculate the greatest common factor of 9 and f.
9
Let l be (-3)/6*-102 - 2. Suppose -41 - l = -5*u. What is the greatest common divisor of u and 144?
18
Suppose -3*r - 23 = 67. Let m = r + 52. Let n be (-3)/2*(-792)/108. Calculate the highest common divisor of n and m.
11
Suppose 0 = -5*g - 2*s + 403 + 879, g = -3*s + 259. Calculate the highest common factor of g and 32.
32
Suppose 3*y + 5*h = 27, -y + 4*h + 16 = 8*h. Let i = 11 - 3. Suppose 0*j - 2*j + i = 0. Calculate the greatest common factor of j and y.
4
Suppose -27 = -2*t + 13. What is the greatest common factor of t and 140?
20
Let k be 48/9 + (-2)/6. Let p(u) = -u**2 + 6*u + 5. Let q be p(5). Calculate the greatest common factor of k and q.
5
Let r(f) = f**2 + 7*f - 2. Let z be r(-5). Let d = 60 + z. Suppose -t + 7 = 1. What is the greatest common divisor of d and t?
6
Suppose 2 - 33 = 3*z + w, 18 = -2*z - 2*w. Let u = z + 43. What is the greatest common divisor of 16 and u?
16
Let r(f) = f**2 - 9*f + 9. Let c be r(9). What is the greatest common divisor of c and 18?
9
Suppose 6 = -3*r - 0*r,